{"id":123,"date":"2019-11-16T17:57:58","date_gmt":"2019-11-16T16:57:58","guid":{"rendered":"http:\/\/sourcebleue.be\/?page_id=123"},"modified":"2019-11-26T22:41:24","modified_gmt":"2019-11-26T21:41:24","slug":"test-page","status":"publish","type":"page","link":"https:\/\/sourcebleue.be\/index.php\/test-page\/","title":{"rendered":"Honeyblue"},"content":{"rendered":"\n<p>Cheval de sport SBS, 6 ans en 2019, concours complet<\/p>\n\n\n\n<ul><li><a href=\"https:\/\/www.sbsnet.be\/fr\/chevaux\/h54789\">G\u00e9n\u00e9alogie<\/a><\/li><li><a href=\"https:\/\/app.equibel.be\/prg\/results\/results_combinations_cc.php?dfd=01&amp;dfm=01&amp;dfy=2015&amp;dtd=31&amp;dtm=12&amp;dty=2019&amp;discipline=CC&amp;ename=&amp;lic_nr=&amp;level=&amp;grp=&amp;horse_id=987318&amp;btnSearch2=Chercher%20r\u00e9sultat%20athl\u00e8te\/cheval&amp;\">R\u00e9sultats Belgique<\/a><\/li><li><a href=\"https:\/\/data.fei.org\/Horse\/Performance.aspx?p=BA2AFD880904ED2E771A6EA45D3B8296\">R\u00e9sultats F.E.I.<\/a><\/li><li>Galerie Photos ( en cours de cr\u00e9ation )<ul><li>Nokere 2019 : Championnat de belgique<\/li><\/ul><\/li><\/ul>\n\n\n\n<figure class=\"wp-block-image size-large\"><img loading=\"lazy\" decoding=\"async\" width=\"960\" height=\"720\" src=\"http:\/\/sourcebleue.be\/wp-content\/uploads\/2019\/11\/FB_IMG_1574627362585.jpg\" alt=\"\" class=\"wp-image-166\" srcset=\"https:\/\/sourcebleue.be\/wp-content\/uploads\/2019\/11\/FB_IMG_1574627362585.jpg 960w, https:\/\/sourcebleue.be\/wp-content\/uploads\/2019\/11\/FB_IMG_1574627362585-300x225.jpg 300w, https:\/\/sourcebleue.be\/wp-content\/uploads\/2019\/11\/FB_IMG_1574627362585-768x576.jpg 768w\" sizes=\"(max-width: 960px) 100vw, 960px\" \/><\/figure>\n\n\n\n<ul><li>Galerie Vid\u00e9o ( en cours de cr\u00e9ation )<\/li><\/ul>\n","protected":false},"excerpt":{"rendered":"<p>Cheval de sport SBS, 6 ans en 2019, concours complet G\u00e9n\u00e9alogie R\u00e9sultats Belgique R\u00e9sultats F.E.I. Galerie Photos ( en cours de cr\u00e9ation ) Nokere 2019 : Championnat de belgique Galerie Vid\u00e9o ( en cours de cr\u00e9ation )<\/p>\n","protected":false},"author":1,"featured_media":0,"parent":0,"menu_order":0,"comment_status":"closed","ping_status":"closed","template":"","meta":{"footnotes":""},"_links":{"self":[{"href":"https:\/\/sourcebleue.be\/index.php\/wp-json\/wp\/v2\/pages\/123"}],"collection":[{"href":"https:\/\/sourcebleue.be\/index.php\/wp-json\/wp\/v2\/pages"}],"about":[{"href":"https:\/\/sourcebleue.be\/index.php\/wp-json\/wp\/v2\/types\/page"}],"author":[{"embeddable":true,"href":"https:\/\/sourcebleue.be\/index.php\/wp-json\/wp\/v2\/users\/1"}],"replies":[{"embeddable":true,"href":"https:\/\/sourcebleue.be\/index.php\/wp-json\/wp\/v2\/comments?post=123"}],"version-history":[{"count":11,"href":"https:\/\/sourcebleue.be\/index.php\/wp-json\/wp\/v2\/pages\/123\/revisions"}],"predecessor-version":[{"id":168,"href":"https:\/\/sourcebleue.be\/index.php\/wp-json\/wp\/v2\/pages\/123\/revisions\/168"}],"wp:attachment":[{"href":"https:\/\/sourcebleue.be\/index.php\/wp-json\/wp\/v2\/media?parent=123"}],"curies":[{"name":"wp","href":"https:\/\/api.w.org\/{rel}","templated":true}]}}